{"id":158,"date":"2020-05-26T14:45:59","date_gmt":"2020-05-26T14:45:59","guid":{"rendered":"http:\/\/jfacroll.com\/?page_id=158"},"modified":"2021-01-04T10:50:07","modified_gmt":"2021-01-04T10:50:07","slug":"mis-historias","status":"publish","type":"page","link":"https:\/\/jfacroll.com\/index.php\/mis-historias\/","title":{"rendered":"mis historias"},"content":{"rendered":"\n<p>Aqu\u00ed comparto con todos vosotros las historias que he ido escribiendo a lo largo de estos a\u00f1os, desde que en 2015 publiqu\u00e9 mi primer libro. Son historias distintas, desde fantas\u00eda hasta poes\u00eda, pero todas escritas con cari\u00f1o desde lo m\u00e1s profundo de mi coraz\u00f3n. Ahora, son vuestras. <\/p>\n\n\n\n<div class=\"wp-block-media-text alignwide\"><figure class=\"wp-block-media-text__media\"><img decoding=\"async\" loading=\"lazy\" width=\"2480\" height=\"3508\" src=\"http:\/\/jfacroll.com\/wp-content\/uploads\/2020\/11\/portebookgrande.png\" alt=\"Cuentos y recuerdos del viejo Lulot\" class=\"wp-image-192\" srcset=\"https:\/\/jfacroll.com\/wp-content\/uploads\/2020\/11\/portebookgrande.png 2480w, https:\/\/jfacroll.com\/wp-content\/uploads\/2020\/11\/portebookgrande-212x300.png 212w\" sizes=\"(max-width: 2480px) 100vw, 2480px\" \/><\/figure><div class=\"wp-block-media-text__content\">\n<p class=\"has-large-font-size\"><a href=\"http:\/\/jfacroll.com\/index.php\/cuentos-y-recuerdos-del-viejo-lulot\/\">Cuentos y recuerdos del viejo Lulot. <\/a><\/p>\n<\/div><\/div>\n\n\n\n<div class=\"wp-block-media-text alignwide\"><figure class=\"wp-block-media-text__media\"><img decoding=\"async\" loading=\"lazy\" width=\"724\" height=\"1024\" src=\"http:\/\/jfacroll.com\/wp-content\/uploads\/2021\/01\/Portada-2500-pixels-724x1024.jpg\" alt=\"Tejedoras de almas\" class=\"wp-image-210\" srcset=\"https:\/\/jfacroll.com\/wp-content\/uploads\/2021\/01\/Portada-2500-pixels-724x1024.jpg 724w, https:\/\/jfacroll.com\/wp-content\/uploads\/2021\/01\/Portada-2500-pixels-212x300.jpg 212w, https:\/\/jfacroll.com\/wp-content\/uploads\/2021\/01\/Portada-2500-pixels-768x1087.jpg 768w, https:\/\/jfacroll.com\/wp-content\/uploads\/2021\/01\/Portada-2500-pixels-1086x1536.jpg 1086w, https:\/\/jfacroll.com\/wp-content\/uploads\/2021\/01\/Portada-2500-pixels-1448x2048.jpg 1448w, https:\/\/jfacroll.com\/wp-content\/uploads\/2021\/01\/Portada-2500-pixels-1440x2037.jpg 1440w, https:\/\/jfacroll.com\/wp-content\/uploads\/2021\/01\/Portada-2500-pixels.jpg 1767w\" sizes=\"(max-width: 724px) 100vw, 724px\" \/><\/figure><div class=\"wp-block-media-text__content\">\n<p class=\"has-large-font-size\"><a href=\"http:\/\/jfacroll.com\/index.php\/tejedoras-de-almas-2\/?preview_id=146&amp;preview_nonce=bf6ae0dce7&amp;preview=true\">Tejedoras de almas: El concilio de los Ungidos.<\/a><\/p>\n<\/div><\/div>\n\n\n\n<div class=\"wp-block-media-text alignwide\"><figure class=\"wp-block-media-text__media\"><img decoding=\"async\" loading=\"lazy\" width=\"683\" height=\"1024\" src=\"http:\/\/jfacroll.com\/wp-content\/uploads\/2020\/05\/portada-PCLYS-683x1024.png\" alt=\"Palabras y canciones de lunas y sombras\" class=\"wp-image-155\" srcset=\"https:\/\/jfacroll.com\/wp-content\/uploads\/2020\/05\/portada-PCLYS-683x1024.png 683w, https:\/\/jfacroll.com\/wp-content\/uploads\/2020\/05\/portada-PCLYS-200x300.png 200w, https:\/\/jfacroll.com\/wp-content\/uploads\/2020\/05\/portada-PCLYS-768x1151.png 768w, https:\/\/jfacroll.com\/wp-content\/uploads\/2020\/05\/portada-PCLYS-1025x1536.png 1025w, https:\/\/jfacroll.com\/wp-content\/uploads\/2020\/05\/portada-PCLYS-1367x2048.png 1367w, https:\/\/jfacroll.com\/wp-content\/uploads\/2020\/05\/portada-PCLYS-1440x2158.png 1440w, https:\/\/jfacroll.com\/wp-content\/uploads\/2020\/05\/portada-PCLYS.png 1998w\" sizes=\"(max-width: 683px) 100vw, 683px\" \/><\/figure><div class=\"wp-block-media-text__content\">\n<p class=\"has-large-font-size\"><a href=\"http:\/\/jfacroll.com\/index.php\/palabras-y-canciones-de-lunas-y-sombras\/\">Palabras y canciones de lunas y sombras.<\/a><\/p>\n<\/div><\/div>\n","protected":false},"excerpt":{"rendered":"<p>Aqu\u00ed comparto con todos vosotros las historias que he ido escribiendo a lo largo de estos a\u00f1os, desde que en 2015 publiqu\u00e9 mi primer libro. Son historias distintas, desde fantas\u00eda hasta poes\u00eda, pero todas escritas con cari\u00f1o desde lo m\u00e1s profundo de mi coraz\u00f3n. Ahora, son vuestras. Cuentos y recuerdos del viejo Lulot. Tejedoras de [&hellip;]<\/p>\n","protected":false},"author":1,"featured_media":0,"parent":0,"menu_order":0,"comment_status":"closed","ping_status":"closed","template":"","meta":{"footnotes":""},"yoast_head":"<!-- This site is optimized with the Yoast SEO plugin v22.5 - https:\/\/yoast.com\/wordpress\/plugins\/seo\/ -->\n<title>mis historias - J.F. Acroll<\/title>\n<meta name=\"robots\" content=\"index, follow, max-snippet:-1, max-image-preview:large, max-video-preview:-1\" \/>\n<link rel=\"canonical\" href=\"https:\/\/jfacroll.com\/index.php\/mis-historias\/\" \/>\n<meta property=\"og:locale\" content=\"es_ES\" \/>\n<meta property=\"og:type\" content=\"article\" \/>\n<meta property=\"og:title\" content=\"mis historias - J.F. Acroll\" \/>\n<meta property=\"og:description\" content=\"Aqu\u00ed comparto con todos vosotros las historias que he ido escribiendo a lo largo de estos a\u00f1os, desde que en 2015 publiqu\u00e9 mi primer libro. Son historias distintas, desde fantas\u00eda hasta poes\u00eda, pero todas escritas con cari\u00f1o desde lo m\u00e1s profundo de mi coraz\u00f3n. Ahora, son vuestras. Cuentos y recuerdos del viejo Lulot. Tejedoras de [&hellip;]\" \/>\n<meta property=\"og:url\" content=\"https:\/\/jfacroll.com\/index.php\/mis-historias\/\" \/>\n<meta property=\"og:site_name\" content=\"J.F. Acroll\" \/>\n<meta property=\"article:publisher\" content=\"https:\/\/twitter.com\/JFAcroll\" \/>\n<meta property=\"article:modified_time\" content=\"2021-01-04T10:50:07+00:00\" \/>\n<meta property=\"og:image\" content=\"http:\/\/jfacroll.com\/wp-content\/uploads\/2020\/11\/portebookgrande.png\" \/>\n<meta name=\"twitter:card\" content=\"summary_large_image\" \/>\n<meta name=\"twitter:site\" content=\"@JFAcroll\" \/>\n<script type=\"application\/ld+json\" class=\"yoast-schema-graph\">{\"@context\":\"https:\/\/schema.org\",\"@graph\":[{\"@type\":\"WebPage\",\"@id\":\"https:\/\/jfacroll.com\/index.php\/mis-historias\/\",\"url\":\"https:\/\/jfacroll.com\/index.php\/mis-historias\/\",\"name\":\"mis historias - J.F. Acroll\",\"isPartOf\":{\"@id\":\"https:\/\/jfacroll.com\/#website\"},\"primaryImageOfPage\":{\"@id\":\"https:\/\/jfacroll.com\/index.php\/mis-historias\/#primaryimage\"},\"image\":{\"@id\":\"https:\/\/jfacroll.com\/index.php\/mis-historias\/#primaryimage\"},\"thumbnailUrl\":\"http:\/\/jfacroll.com\/wp-content\/uploads\/2020\/11\/portebookgrande.png\",\"datePublished\":\"2020-05-26T14:45:59+00:00\",\"dateModified\":\"2021-01-04T10:50:07+00:00\",\"breadcrumb\":{\"@id\":\"https:\/\/jfacroll.com\/index.php\/mis-historias\/#breadcrumb\"},\"inLanguage\":\"es\",\"potentialAction\":[{\"@type\":\"ReadAction\",\"target\":[\"https:\/\/jfacroll.com\/index.php\/mis-historias\/\"]}]},{\"@type\":\"ImageObject\",\"inLanguage\":\"es\",\"@id\":\"https:\/\/jfacroll.com\/index.php\/mis-historias\/#primaryimage\",\"url\":\"https:\/\/jfacroll.com\/wp-content\/uploads\/2020\/11\/portebookgrande.png\",\"contentUrl\":\"https:\/\/jfacroll.com\/wp-content\/uploads\/2020\/11\/portebookgrande.png\",\"width\":2480,\"height\":3508,\"caption\":\"Cuentos y recuerdos del viejo Lulot\"},{\"@type\":\"BreadcrumbList\",\"@id\":\"https:\/\/jfacroll.com\/index.php\/mis-historias\/#breadcrumb\",\"itemListElement\":[{\"@type\":\"ListItem\",\"position\":1,\"name\":\"Home\",\"item\":\"https:\/\/jfacroll.com\/\"},{\"@type\":\"ListItem\",\"position\":2,\"name\":\"mis historias\"}]},{\"@type\":\"WebSite\",\"@id\":\"https:\/\/jfacroll.com\/#website\",\"url\":\"https:\/\/jfacroll.com\/\",\"name\":\"J.F. Acroll\",\"description\":\"Bienvenidos a Ma&#039;oz\",\"potentialAction\":[{\"@type\":\"SearchAction\",\"target\":{\"@type\":\"EntryPoint\",\"urlTemplate\":\"https:\/\/jfacroll.com\/?s={search_term_string}\"},\"query-input\":\"required name=search_term_string\"}],\"inLanguage\":\"es\"}]}<\/script>\n<!-- \/ Yoast SEO plugin. -->","yoast_head_json":{"title":"mis historias - J.F. Acroll","robots":{"index":"index","follow":"follow","max-snippet":"max-snippet:-1","max-image-preview":"max-image-preview:large","max-video-preview":"max-video-preview:-1"},"canonical":"https:\/\/jfacroll.com\/index.php\/mis-historias\/","og_locale":"es_ES","og_type":"article","og_title":"mis historias - J.F. Acroll","og_description":"Aqu\u00ed comparto con todos vosotros las historias que he ido escribiendo a lo largo de estos a\u00f1os, desde que en 2015 publiqu\u00e9 mi primer libro. Son historias distintas, desde fantas\u00eda hasta poes\u00eda, pero todas escritas con cari\u00f1o desde lo m\u00e1s profundo de mi coraz\u00f3n. Ahora, son vuestras. Cuentos y recuerdos del viejo Lulot. Tejedoras de [&hellip;]","og_url":"https:\/\/jfacroll.com\/index.php\/mis-historias\/","og_site_name":"J.F. Acroll","article_publisher":"https:\/\/twitter.com\/JFAcroll","article_modified_time":"2021-01-04T10:50:07+00:00","og_image":[{"url":"http:\/\/jfacroll.com\/wp-content\/uploads\/2020\/11\/portebookgrande.png"}],"twitter_card":"summary_large_image","twitter_site":"@JFAcroll","schema":{"@context":"https:\/\/schema.org","@graph":[{"@type":"WebPage","@id":"https:\/\/jfacroll.com\/index.php\/mis-historias\/","url":"https:\/\/jfacroll.com\/index.php\/mis-historias\/","name":"mis historias - J.F. Acroll","isPartOf":{"@id":"https:\/\/jfacroll.com\/#website"},"primaryImageOfPage":{"@id":"https:\/\/jfacroll.com\/index.php\/mis-historias\/#primaryimage"},"image":{"@id":"https:\/\/jfacroll.com\/index.php\/mis-historias\/#primaryimage"},"thumbnailUrl":"http:\/\/jfacroll.com\/wp-content\/uploads\/2020\/11\/portebookgrande.png","datePublished":"2020-05-26T14:45:59+00:00","dateModified":"2021-01-04T10:50:07+00:00","breadcrumb":{"@id":"https:\/\/jfacroll.com\/index.php\/mis-historias\/#breadcrumb"},"inLanguage":"es","potentialAction":[{"@type":"ReadAction","target":["https:\/\/jfacroll.com\/index.php\/mis-historias\/"]}]},{"@type":"ImageObject","inLanguage":"es","@id":"https:\/\/jfacroll.com\/index.php\/mis-historias\/#primaryimage","url":"https:\/\/jfacroll.com\/wp-content\/uploads\/2020\/11\/portebookgrande.png","contentUrl":"https:\/\/jfacroll.com\/wp-content\/uploads\/2020\/11\/portebookgrande.png","width":2480,"height":3508,"caption":"Cuentos y recuerdos del viejo Lulot"},{"@type":"BreadcrumbList","@id":"https:\/\/jfacroll.com\/index.php\/mis-historias\/#breadcrumb","itemListElement":[{"@type":"ListItem","position":1,"name":"Home","item":"https:\/\/jfacroll.com\/"},{"@type":"ListItem","position":2,"name":"mis historias"}]},{"@type":"WebSite","@id":"https:\/\/jfacroll.com\/#website","url":"https:\/\/jfacroll.com\/","name":"J.F. Acroll","description":"Bienvenidos a Ma&#039;oz","potentialAction":[{"@type":"SearchAction","target":{"@type":"EntryPoint","urlTemplate":"https:\/\/jfacroll.com\/?s={search_term_string}"},"query-input":"required name=search_term_string"}],"inLanguage":"es"}]}},"_links":{"self":[{"href":"https:\/\/jfacroll.com\/index.php\/wp-json\/wp\/v2\/pages\/158"}],"collection":[{"href":"https:\/\/jfacroll.com\/index.php\/wp-json\/wp\/v2\/pages"}],"about":[{"href":"https:\/\/jfacroll.com\/index.php\/wp-json\/wp\/v2\/types\/page"}],"author":[{"embeddable":true,"href":"https:\/\/jfacroll.com\/index.php\/wp-json\/wp\/v2\/users\/1"}],"replies":[{"embeddable":true,"href":"https:\/\/jfacroll.com\/index.php\/wp-json\/wp\/v2\/comments?post=158"}],"version-history":[{"count":3,"href":"https:\/\/jfacroll.com\/index.php\/wp-json\/wp\/v2\/pages\/158\/revisions"}],"predecessor-version":[{"id":214,"href":"https:\/\/jfacroll.com\/index.php\/wp-json\/wp\/v2\/pages\/158\/revisions\/214"}],"wp:attachment":[{"href":"https:\/\/jfacroll.com\/index.php\/wp-json\/wp\/v2\/media?parent=158"}],"curies":[{"name":"wp","href":"https:\/\/api.w.org\/{rel}","templated":true}]}}