{"id":154,"date":"2020-05-26T14:40:27","date_gmt":"2020-05-26T14:40:27","guid":{"rendered":"http:\/\/jfacroll.com\/?page_id=154"},"modified":"2021-01-04T10:53:28","modified_gmt":"2021-01-04T10:53:28","slug":"palabras-y-canciones-de-lunas-y-sombras","status":"publish","type":"page","link":"https:\/\/jfacroll.com\/index.php\/palabras-y-canciones-de-lunas-y-sombras\/","title":{"rendered":"palabras y canciones de lunas y sombras"},"content":{"rendered":"\n<p> No es poes\u00eda. Tampoco prosa. Son palabras vomitadas, arrancadas del dolor. Son garabatos sin orden ni concierto. Son l\u00e1grimas de p\u00e9rdida, anhelos de abrazos y sonrisas a\u00f1oradas. Son tragedias, pu\u00f1ales, lunas muertas y tormentas tristes. Son las primeras palabras que pude escribir. Son l\u00e1grimas por tinta, penas por pluma y soledad por lienzo. Es el miedo hecho literatura o, al menos, hecho texto. <\/p>\n\n\n\n<p>Comprar en <a href=\"https:\/\/www.amazon.es\/gp\/product\/B088JTR54L\/ref=dbs_a_def_rwt_bibl_vppi_i0\">Amazon<\/a><\/p>\n\n\n\n<figure class=\"wp-block-image size-large is-style-default\"><img decoding=\"async\" loading=\"lazy\" width=\"683\" height=\"1024\" src=\"http:\/\/jfacroll.com\/wp-content\/uploads\/2020\/05\/portada-PCLYS-683x1024.png\" alt=\"\" class=\"wp-image-155\" srcset=\"https:\/\/jfacroll.com\/wp-content\/uploads\/2020\/05\/portada-PCLYS-683x1024.png 683w, https:\/\/jfacroll.com\/wp-content\/uploads\/2020\/05\/portada-PCLYS-200x300.png 200w, https:\/\/jfacroll.com\/wp-content\/uploads\/2020\/05\/portada-PCLYS-768x1151.png 768w, https:\/\/jfacroll.com\/wp-content\/uploads\/2020\/05\/portada-PCLYS-1025x1536.png 1025w, https:\/\/jfacroll.com\/wp-content\/uploads\/2020\/05\/portada-PCLYS-1367x2048.png 1367w, https:\/\/jfacroll.com\/wp-content\/uploads\/2020\/05\/portada-PCLYS-1440x2158.png 1440w, https:\/\/jfacroll.com\/wp-content\/uploads\/2020\/05\/portada-PCLYS.png 1998w\" sizes=\"(max-width: 683px) 100vw, 683px\" \/><\/figure>\n","protected":false},"excerpt":{"rendered":"<p>No es poes\u00eda. Tampoco prosa. Son palabras vomitadas, arrancadas del dolor. Son garabatos sin orden ni concierto. Son l\u00e1grimas de p\u00e9rdida, anhelos de abrazos y sonrisas a\u00f1oradas. Son tragedias, pu\u00f1ales, lunas muertas y tormentas tristes. Son las primeras palabras que pude escribir. Son l\u00e1grimas por tinta, penas por pluma y soledad por lienzo. Es el [&hellip;]<\/p>\n","protected":false},"author":1,"featured_media":0,"parent":0,"menu_order":0,"comment_status":"closed","ping_status":"closed","template":"","meta":{"footnotes":""},"yoast_head":"<!-- This site is optimized with the Yoast SEO plugin v22.5 - https:\/\/yoast.com\/wordpress\/plugins\/seo\/ -->\n<title>palabras y canciones de lunas y sombras - J.F. Acroll<\/title>\n<meta name=\"robots\" content=\"index, follow, max-snippet:-1, max-image-preview:large, max-video-preview:-1\" \/>\n<link rel=\"canonical\" href=\"https:\/\/jfacroll.com\/index.php\/palabras-y-canciones-de-lunas-y-sombras\/\" \/>\n<meta property=\"og:locale\" content=\"es_ES\" \/>\n<meta property=\"og:type\" content=\"article\" \/>\n<meta property=\"og:title\" content=\"palabras y canciones de lunas y sombras - J.F. Acroll\" \/>\n<meta property=\"og:description\" content=\"No es poes\u00eda. Tampoco prosa. Son palabras vomitadas, arrancadas del dolor. Son garabatos sin orden ni concierto. Son l\u00e1grimas de p\u00e9rdida, anhelos de abrazos y sonrisas a\u00f1oradas. Son tragedias, pu\u00f1ales, lunas muertas y tormentas tristes. Son las primeras palabras que pude escribir. Son l\u00e1grimas por tinta, penas por pluma y soledad por lienzo. Es el [&hellip;]\" \/>\n<meta property=\"og:url\" content=\"https:\/\/jfacroll.com\/index.php\/palabras-y-canciones-de-lunas-y-sombras\/\" \/>\n<meta property=\"og:site_name\" content=\"J.F. Acroll\" \/>\n<meta property=\"article:publisher\" content=\"https:\/\/twitter.com\/JFAcroll\" \/>\n<meta property=\"article:modified_time\" content=\"2021-01-04T10:53:28+00:00\" \/>\n<meta property=\"og:image\" content=\"http:\/\/jfacroll.com\/wp-content\/uploads\/2020\/05\/portada-PCLYS-683x1024.png\" \/>\n<meta name=\"twitter:card\" content=\"summary_large_image\" \/>\n<meta name=\"twitter:site\" content=\"@JFAcroll\" \/>\n<script type=\"application\/ld+json\" class=\"yoast-schema-graph\">{\"@context\":\"https:\/\/schema.org\",\"@graph\":[{\"@type\":\"WebPage\",\"@id\":\"https:\/\/jfacroll.com\/index.php\/palabras-y-canciones-de-lunas-y-sombras\/\",\"url\":\"https:\/\/jfacroll.com\/index.php\/palabras-y-canciones-de-lunas-y-sombras\/\",\"name\":\"palabras y canciones de lunas y sombras - J.F. Acroll\",\"isPartOf\":{\"@id\":\"https:\/\/jfacroll.com\/#website\"},\"primaryImageOfPage\":{\"@id\":\"https:\/\/jfacroll.com\/index.php\/palabras-y-canciones-de-lunas-y-sombras\/#primaryimage\"},\"image\":{\"@id\":\"https:\/\/jfacroll.com\/index.php\/palabras-y-canciones-de-lunas-y-sombras\/#primaryimage\"},\"thumbnailUrl\":\"http:\/\/jfacroll.com\/wp-content\/uploads\/2020\/05\/portada-PCLYS-683x1024.png\",\"datePublished\":\"2020-05-26T14:40:27+00:00\",\"dateModified\":\"2021-01-04T10:53:28+00:00\",\"breadcrumb\":{\"@id\":\"https:\/\/jfacroll.com\/index.php\/palabras-y-canciones-de-lunas-y-sombras\/#breadcrumb\"},\"inLanguage\":\"es\",\"potentialAction\":[{\"@type\":\"ReadAction\",\"target\":[\"https:\/\/jfacroll.com\/index.php\/palabras-y-canciones-de-lunas-y-sombras\/\"]}]},{\"@type\":\"ImageObject\",\"inLanguage\":\"es\",\"@id\":\"https:\/\/jfacroll.com\/index.php\/palabras-y-canciones-de-lunas-y-sombras\/#primaryimage\",\"url\":\"https:\/\/jfacroll.com\/wp-content\/uploads\/2020\/05\/portada-PCLYS.png\",\"contentUrl\":\"https:\/\/jfacroll.com\/wp-content\/uploads\/2020\/05\/portada-PCLYS.png\",\"width\":1998,\"height\":2994,\"caption\":\"Palabras y canciones de lunas y sombras\"},{\"@type\":\"BreadcrumbList\",\"@id\":\"https:\/\/jfacroll.com\/index.php\/palabras-y-canciones-de-lunas-y-sombras\/#breadcrumb\",\"itemListElement\":[{\"@type\":\"ListItem\",\"position\":1,\"name\":\"Home\",\"item\":\"https:\/\/jfacroll.com\/\"},{\"@type\":\"ListItem\",\"position\":2,\"name\":\"palabras y canciones de lunas y sombras\"}]},{\"@type\":\"WebSite\",\"@id\":\"https:\/\/jfacroll.com\/#website\",\"url\":\"https:\/\/jfacroll.com\/\",\"name\":\"J.F. Acroll\",\"description\":\"Bienvenidos a Ma&#039;oz\",\"potentialAction\":[{\"@type\":\"SearchAction\",\"target\":{\"@type\":\"EntryPoint\",\"urlTemplate\":\"https:\/\/jfacroll.com\/?s={search_term_string}\"},\"query-input\":\"required name=search_term_string\"}],\"inLanguage\":\"es\"}]}<\/script>\n<!-- \/ Yoast SEO plugin. -->","yoast_head_json":{"title":"palabras y canciones de lunas y sombras - J.F. Acroll","robots":{"index":"index","follow":"follow","max-snippet":"max-snippet:-1","max-image-preview":"max-image-preview:large","max-video-preview":"max-video-preview:-1"},"canonical":"https:\/\/jfacroll.com\/index.php\/palabras-y-canciones-de-lunas-y-sombras\/","og_locale":"es_ES","og_type":"article","og_title":"palabras y canciones de lunas y sombras - J.F. Acroll","og_description":"No es poes\u00eda. Tampoco prosa. Son palabras vomitadas, arrancadas del dolor. Son garabatos sin orden ni concierto. Son l\u00e1grimas de p\u00e9rdida, anhelos de abrazos y sonrisas a\u00f1oradas. Son tragedias, pu\u00f1ales, lunas muertas y tormentas tristes. Son las primeras palabras que pude escribir. Son l\u00e1grimas por tinta, penas por pluma y soledad por lienzo. Es el [&hellip;]","og_url":"https:\/\/jfacroll.com\/index.php\/palabras-y-canciones-de-lunas-y-sombras\/","og_site_name":"J.F. Acroll","article_publisher":"https:\/\/twitter.com\/JFAcroll","article_modified_time":"2021-01-04T10:53:28+00:00","og_image":[{"url":"http:\/\/jfacroll.com\/wp-content\/uploads\/2020\/05\/portada-PCLYS-683x1024.png"}],"twitter_card":"summary_large_image","twitter_site":"@JFAcroll","schema":{"@context":"https:\/\/schema.org","@graph":[{"@type":"WebPage","@id":"https:\/\/jfacroll.com\/index.php\/palabras-y-canciones-de-lunas-y-sombras\/","url":"https:\/\/jfacroll.com\/index.php\/palabras-y-canciones-de-lunas-y-sombras\/","name":"palabras y canciones de lunas y sombras - J.F. Acroll","isPartOf":{"@id":"https:\/\/jfacroll.com\/#website"},"primaryImageOfPage":{"@id":"https:\/\/jfacroll.com\/index.php\/palabras-y-canciones-de-lunas-y-sombras\/#primaryimage"},"image":{"@id":"https:\/\/jfacroll.com\/index.php\/palabras-y-canciones-de-lunas-y-sombras\/#primaryimage"},"thumbnailUrl":"http:\/\/jfacroll.com\/wp-content\/uploads\/2020\/05\/portada-PCLYS-683x1024.png","datePublished":"2020-05-26T14:40:27+00:00","dateModified":"2021-01-04T10:53:28+00:00","breadcrumb":{"@id":"https:\/\/jfacroll.com\/index.php\/palabras-y-canciones-de-lunas-y-sombras\/#breadcrumb"},"inLanguage":"es","potentialAction":[{"@type":"ReadAction","target":["https:\/\/jfacroll.com\/index.php\/palabras-y-canciones-de-lunas-y-sombras\/"]}]},{"@type":"ImageObject","inLanguage":"es","@id":"https:\/\/jfacroll.com\/index.php\/palabras-y-canciones-de-lunas-y-sombras\/#primaryimage","url":"https:\/\/jfacroll.com\/wp-content\/uploads\/2020\/05\/portada-PCLYS.png","contentUrl":"https:\/\/jfacroll.com\/wp-content\/uploads\/2020\/05\/portada-PCLYS.png","width":1998,"height":2994,"caption":"Palabras y canciones de lunas y sombras"},{"@type":"BreadcrumbList","@id":"https:\/\/jfacroll.com\/index.php\/palabras-y-canciones-de-lunas-y-sombras\/#breadcrumb","itemListElement":[{"@type":"ListItem","position":1,"name":"Home","item":"https:\/\/jfacroll.com\/"},{"@type":"ListItem","position":2,"name":"palabras y canciones de lunas y sombras"}]},{"@type":"WebSite","@id":"https:\/\/jfacroll.com\/#website","url":"https:\/\/jfacroll.com\/","name":"J.F. Acroll","description":"Bienvenidos a Ma&#039;oz","potentialAction":[{"@type":"SearchAction","target":{"@type":"EntryPoint","urlTemplate":"https:\/\/jfacroll.com\/?s={search_term_string}"},"query-input":"required name=search_term_string"}],"inLanguage":"es"}]}},"_links":{"self":[{"href":"https:\/\/jfacroll.com\/index.php\/wp-json\/wp\/v2\/pages\/154"}],"collection":[{"href":"https:\/\/jfacroll.com\/index.php\/wp-json\/wp\/v2\/pages"}],"about":[{"href":"https:\/\/jfacroll.com\/index.php\/wp-json\/wp\/v2\/types\/page"}],"author":[{"embeddable":true,"href":"https:\/\/jfacroll.com\/index.php\/wp-json\/wp\/v2\/users\/1"}],"replies":[{"embeddable":true,"href":"https:\/\/jfacroll.com\/index.php\/wp-json\/wp\/v2\/comments?post=154"}],"version-history":[{"count":2,"href":"https:\/\/jfacroll.com\/index.php\/wp-json\/wp\/v2\/pages\/154\/revisions"}],"predecessor-version":[{"id":217,"href":"https:\/\/jfacroll.com\/index.php\/wp-json\/wp\/v2\/pages\/154\/revisions\/217"}],"wp:attachment":[{"href":"https:\/\/jfacroll.com\/index.php\/wp-json\/wp\/v2\/media?parent=154"}],"curies":[{"name":"wp","href":"https:\/\/api.w.org\/{rel}","templated":true}]}}