{"id":150,"date":"2020-05-26T14:38:18","date_gmt":"2020-05-26T14:38:18","guid":{"rendered":"http:\/\/jfacroll.com\/?page_id=150"},"modified":"2021-01-04T10:54:14","modified_gmt":"2021-01-04T10:54:14","slug":"cuentos-y-recuerdos-del-viejo-lulot","status":"publish","type":"page","link":"https:\/\/jfacroll.com\/index.php\/cuentos-y-recuerdos-del-viejo-lulot\/","title":{"rendered":"cuentos y recuerdos del viejo lulot"},"content":{"rendered":"\n<p class=\"has-text-align-left\">   Jon\u00e1s est\u00e1 perdido. Su miedo y su situaci\u00f3n familiar no le dejan actuar. Un d\u00eda encuentra a un viejo, de mirada eterna y arrugas infinitas, que con sus cuentos salvar\u00e1 su alma. El viejo Lulot, agresivo, misterioso y, ante todo, solitario, cambiar\u00e1 su vida para siempre. \u00c9l le descubrir\u00e1 las ense\u00f1anzas de Laila, la bruja Celeste, Cassandra, Corpea, Davika, y otros personajes, que ayudar\u00e1n al joven a hacer frente a la vida.   <\/p>\n\n\n\n<p>Comprar en <a href=\"https:\/\/www.amazon.es\/gp\/product\/B00WJ08LDC\/ref=dbs_a_def_rwt_bibl_vppi_i1\">Amazon<\/a><\/p>\n\n\n\n<figure class=\"wp-block-image size-large\"><img decoding=\"async\" loading=\"lazy\" width=\"2480\" height=\"3508\" src=\"http:\/\/jfacroll.com\/wp-content\/uploads\/2020\/11\/portebookgrande.png\" alt=\"Cuentos y recuerdos del viejo Lulot\" class=\"wp-image-192\" srcset=\"https:\/\/jfacroll.com\/wp-content\/uploads\/2020\/11\/portebookgrande.png 2480w, https:\/\/jfacroll.com\/wp-content\/uploads\/2020\/11\/portebookgrande-212x300.png 212w\" sizes=\"(max-width: 2480px) 100vw, 2480px\" \/><\/figure>\n","protected":false},"excerpt":{"rendered":"<p>Jon\u00e1s est\u00e1 perdido. Su miedo y su situaci\u00f3n familiar no le dejan actuar. Un d\u00eda encuentra a un viejo, de mirada eterna y arrugas infinitas, que con sus cuentos salvar\u00e1 su alma. El viejo Lulot, agresivo, misterioso y, ante todo, solitario, cambiar\u00e1 su vida para siempre. \u00c9l le descubrir\u00e1 las ense\u00f1anzas de Laila, la bruja [&hellip;]<\/p>\n","protected":false},"author":1,"featured_media":0,"parent":0,"menu_order":0,"comment_status":"closed","ping_status":"closed","template":"","meta":{"footnotes":""},"yoast_head":"<!-- This site is optimized with the Yoast SEO plugin v22.5 - https:\/\/yoast.com\/wordpress\/plugins\/seo\/ -->\n<title>cuentos y recuerdos del viejo lulot - J.F. Acroll<\/title>\n<meta name=\"robots\" content=\"index, follow, max-snippet:-1, max-image-preview:large, max-video-preview:-1\" \/>\n<link rel=\"canonical\" href=\"https:\/\/jfacroll.com\/index.php\/cuentos-y-recuerdos-del-viejo-lulot\/\" \/>\n<meta property=\"og:locale\" content=\"es_ES\" \/>\n<meta property=\"og:type\" content=\"article\" \/>\n<meta property=\"og:title\" content=\"cuentos y recuerdos del viejo lulot - J.F. Acroll\" \/>\n<meta property=\"og:description\" content=\"Jon\u00e1s est\u00e1 perdido. Su miedo y su situaci\u00f3n familiar no le dejan actuar. Un d\u00eda encuentra a un viejo, de mirada eterna y arrugas infinitas, que con sus cuentos salvar\u00e1 su alma. El viejo Lulot, agresivo, misterioso y, ante todo, solitario, cambiar\u00e1 su vida para siempre. \u00c9l le descubrir\u00e1 las ense\u00f1anzas de Laila, la bruja [&hellip;]\" \/>\n<meta property=\"og:url\" content=\"https:\/\/jfacroll.com\/index.php\/cuentos-y-recuerdos-del-viejo-lulot\/\" \/>\n<meta property=\"og:site_name\" content=\"J.F. Acroll\" \/>\n<meta property=\"article:publisher\" content=\"https:\/\/twitter.com\/JFAcroll\" \/>\n<meta property=\"article:modified_time\" content=\"2021-01-04T10:54:14+00:00\" \/>\n<meta property=\"og:image\" content=\"http:\/\/jfacroll.com\/wp-content\/uploads\/2020\/11\/portebookgrande.png\" \/>\n<meta name=\"twitter:card\" content=\"summary_large_image\" \/>\n<meta name=\"twitter:site\" content=\"@JFAcroll\" \/>\n<script type=\"application\/ld+json\" class=\"yoast-schema-graph\">{\"@context\":\"https:\/\/schema.org\",\"@graph\":[{\"@type\":\"WebPage\",\"@id\":\"https:\/\/jfacroll.com\/index.php\/cuentos-y-recuerdos-del-viejo-lulot\/\",\"url\":\"https:\/\/jfacroll.com\/index.php\/cuentos-y-recuerdos-del-viejo-lulot\/\",\"name\":\"cuentos y recuerdos del viejo lulot - J.F. Acroll\",\"isPartOf\":{\"@id\":\"https:\/\/jfacroll.com\/#website\"},\"primaryImageOfPage\":{\"@id\":\"https:\/\/jfacroll.com\/index.php\/cuentos-y-recuerdos-del-viejo-lulot\/#primaryimage\"},\"image\":{\"@id\":\"https:\/\/jfacroll.com\/index.php\/cuentos-y-recuerdos-del-viejo-lulot\/#primaryimage\"},\"thumbnailUrl\":\"http:\/\/jfacroll.com\/wp-content\/uploads\/2020\/11\/portebookgrande.png\",\"datePublished\":\"2020-05-26T14:38:18+00:00\",\"dateModified\":\"2021-01-04T10:54:14+00:00\",\"breadcrumb\":{\"@id\":\"https:\/\/jfacroll.com\/index.php\/cuentos-y-recuerdos-del-viejo-lulot\/#breadcrumb\"},\"inLanguage\":\"es\",\"potentialAction\":[{\"@type\":\"ReadAction\",\"target\":[\"https:\/\/jfacroll.com\/index.php\/cuentos-y-recuerdos-del-viejo-lulot\/\"]}]},{\"@type\":\"ImageObject\",\"inLanguage\":\"es\",\"@id\":\"https:\/\/jfacroll.com\/index.php\/cuentos-y-recuerdos-del-viejo-lulot\/#primaryimage\",\"url\":\"https:\/\/jfacroll.com\/wp-content\/uploads\/2020\/11\/portebookgrande.png\",\"contentUrl\":\"https:\/\/jfacroll.com\/wp-content\/uploads\/2020\/11\/portebookgrande.png\",\"width\":2480,\"height\":3508,\"caption\":\"Cuentos y recuerdos del viejo Lulot\"},{\"@type\":\"BreadcrumbList\",\"@id\":\"https:\/\/jfacroll.com\/index.php\/cuentos-y-recuerdos-del-viejo-lulot\/#breadcrumb\",\"itemListElement\":[{\"@type\":\"ListItem\",\"position\":1,\"name\":\"Home\",\"item\":\"https:\/\/jfacroll.com\/\"},{\"@type\":\"ListItem\",\"position\":2,\"name\":\"cuentos y recuerdos del viejo lulot\"}]},{\"@type\":\"WebSite\",\"@id\":\"https:\/\/jfacroll.com\/#website\",\"url\":\"https:\/\/jfacroll.com\/\",\"name\":\"J.F. Acroll\",\"description\":\"Bienvenidos a Ma&#039;oz\",\"potentialAction\":[{\"@type\":\"SearchAction\",\"target\":{\"@type\":\"EntryPoint\",\"urlTemplate\":\"https:\/\/jfacroll.com\/?s={search_term_string}\"},\"query-input\":\"required name=search_term_string\"}],\"inLanguage\":\"es\"}]}<\/script>\n<!-- \/ Yoast SEO plugin. -->","yoast_head_json":{"title":"cuentos y recuerdos del viejo lulot - J.F. Acroll","robots":{"index":"index","follow":"follow","max-snippet":"max-snippet:-1","max-image-preview":"max-image-preview:large","max-video-preview":"max-video-preview:-1"},"canonical":"https:\/\/jfacroll.com\/index.php\/cuentos-y-recuerdos-del-viejo-lulot\/","og_locale":"es_ES","og_type":"article","og_title":"cuentos y recuerdos del viejo lulot - J.F. Acroll","og_description":"Jon\u00e1s est\u00e1 perdido. Su miedo y su situaci\u00f3n familiar no le dejan actuar. Un d\u00eda encuentra a un viejo, de mirada eterna y arrugas infinitas, que con sus cuentos salvar\u00e1 su alma. El viejo Lulot, agresivo, misterioso y, ante todo, solitario, cambiar\u00e1 su vida para siempre. \u00c9l le descubrir\u00e1 las ense\u00f1anzas de Laila, la bruja [&hellip;]","og_url":"https:\/\/jfacroll.com\/index.php\/cuentos-y-recuerdos-del-viejo-lulot\/","og_site_name":"J.F. Acroll","article_publisher":"https:\/\/twitter.com\/JFAcroll","article_modified_time":"2021-01-04T10:54:14+00:00","og_image":[{"url":"http:\/\/jfacroll.com\/wp-content\/uploads\/2020\/11\/portebookgrande.png"}],"twitter_card":"summary_large_image","twitter_site":"@JFAcroll","schema":{"@context":"https:\/\/schema.org","@graph":[{"@type":"WebPage","@id":"https:\/\/jfacroll.com\/index.php\/cuentos-y-recuerdos-del-viejo-lulot\/","url":"https:\/\/jfacroll.com\/index.php\/cuentos-y-recuerdos-del-viejo-lulot\/","name":"cuentos y recuerdos del viejo lulot - J.F. Acroll","isPartOf":{"@id":"https:\/\/jfacroll.com\/#website"},"primaryImageOfPage":{"@id":"https:\/\/jfacroll.com\/index.php\/cuentos-y-recuerdos-del-viejo-lulot\/#primaryimage"},"image":{"@id":"https:\/\/jfacroll.com\/index.php\/cuentos-y-recuerdos-del-viejo-lulot\/#primaryimage"},"thumbnailUrl":"http:\/\/jfacroll.com\/wp-content\/uploads\/2020\/11\/portebookgrande.png","datePublished":"2020-05-26T14:38:18+00:00","dateModified":"2021-01-04T10:54:14+00:00","breadcrumb":{"@id":"https:\/\/jfacroll.com\/index.php\/cuentos-y-recuerdos-del-viejo-lulot\/#breadcrumb"},"inLanguage":"es","potentialAction":[{"@type":"ReadAction","target":["https:\/\/jfacroll.com\/index.php\/cuentos-y-recuerdos-del-viejo-lulot\/"]}]},{"@type":"ImageObject","inLanguage":"es","@id":"https:\/\/jfacroll.com\/index.php\/cuentos-y-recuerdos-del-viejo-lulot\/#primaryimage","url":"https:\/\/jfacroll.com\/wp-content\/uploads\/2020\/11\/portebookgrande.png","contentUrl":"https:\/\/jfacroll.com\/wp-content\/uploads\/2020\/11\/portebookgrande.png","width":2480,"height":3508,"caption":"Cuentos y recuerdos del viejo Lulot"},{"@type":"BreadcrumbList","@id":"https:\/\/jfacroll.com\/index.php\/cuentos-y-recuerdos-del-viejo-lulot\/#breadcrumb","itemListElement":[{"@type":"ListItem","position":1,"name":"Home","item":"https:\/\/jfacroll.com\/"},{"@type":"ListItem","position":2,"name":"cuentos y recuerdos del viejo lulot"}]},{"@type":"WebSite","@id":"https:\/\/jfacroll.com\/#website","url":"https:\/\/jfacroll.com\/","name":"J.F. Acroll","description":"Bienvenidos a Ma&#039;oz","potentialAction":[{"@type":"SearchAction","target":{"@type":"EntryPoint","urlTemplate":"https:\/\/jfacroll.com\/?s={search_term_string}"},"query-input":"required name=search_term_string"}],"inLanguage":"es"}]}},"_links":{"self":[{"href":"https:\/\/jfacroll.com\/index.php\/wp-json\/wp\/v2\/pages\/150"}],"collection":[{"href":"https:\/\/jfacroll.com\/index.php\/wp-json\/wp\/v2\/pages"}],"about":[{"href":"https:\/\/jfacroll.com\/index.php\/wp-json\/wp\/v2\/types\/page"}],"author":[{"embeddable":true,"href":"https:\/\/jfacroll.com\/index.php\/wp-json\/wp\/v2\/users\/1"}],"replies":[{"embeddable":true,"href":"https:\/\/jfacroll.com\/index.php\/wp-json\/wp\/v2\/comments?post=150"}],"version-history":[{"count":5,"href":"https:\/\/jfacroll.com\/index.php\/wp-json\/wp\/v2\/pages\/150\/revisions"}],"predecessor-version":[{"id":219,"href":"https:\/\/jfacroll.com\/index.php\/wp-json\/wp\/v2\/pages\/150\/revisions\/219"}],"wp:attachment":[{"href":"https:\/\/jfacroll.com\/index.php\/wp-json\/wp\/v2\/media?parent=150"}],"curies":[{"name":"wp","href":"https:\/\/api.w.org\/{rel}","templated":true}]}}